[INFO] fetching crate rem-utils 0.1.1...
[INFO] checking rem-utils-0.1.1 against master#9610dfe5a9a731ced1ea4923ecbd0c57fe367898 for beta-170-4
[INFO] extracting crate rem-utils 0.1.1 into /workspace/builds/worker-7-tc1/source
[INFO] validating manifest of crates.io crate rem-utils 0.1.1 on toolchain 9610dfe5a9a731ced1ea4923ecbd0c57fe367898
[INFO] running `Command { std: CARGO_HOME="/workspace/cargo-home" RUSTUP_HOME="/workspace/rustup-home" "/workspace/cargo-home/bin/cargo" "+9610dfe5a9a731ced1ea4923ecbd0c57fe367898" "metadata" "--manifest-path" "Cargo.toml" "--no-deps", kill_on_drop: false }`
[INFO] started tweaking crates.io crate rem-utils 0.1.1
[INFO] finished tweaking crates.io crate rem-utils 0.1.1
[INFO] tweaked toml for crates.io crate rem-utils 0.1.1 written to /workspace/builds/worker-7-tc1/source/Cargo.toml
[INFO] running `Command { std: CARGO_HOME="/workspace/cargo-home" RUSTUP_HOME="/workspace/rustup-home" __CARGO_TEST_CHANNEL_OVERRIDE_DO_NOT_USE_THIS="nightly" "/workspace/cargo-home/bin/cargo" "+9610dfe5a9a731ced1ea4923ecbd0c57fe367898" "generate-lockfile" "--manifest-path" "Cargo.toml" "-Zno-index-update", kill_on_drop: false }`
[INFO] running `Command { std: CARGO_HOME="/workspace/cargo-home" RUSTUP_HOME="/workspace/rustup-home" "/workspace/cargo-home/bin/cargo" "+9610dfe5a9a731ced1ea4923ecbd0c57fe367898" "fetch" "--manifest-path" "Cargo.toml", kill_on_drop: false }`
[INFO] running `Command { std: "docker" "create" "-v" "/var/lib/crater-agent-workspace/builds/worker-7-tc1/target:/opt/rustwide/target:rw,Z" "-v" "/var/lib/crater-agent-workspace/builds/worker-7-tc1/source:/opt/rustwide/workdir:ro,Z" "-v" "/var/lib/crater-agent-workspace/cargo-home:/opt/rustwide/cargo-home:ro,Z" "-v" "/var/lib/crater-agent-workspace/rustup-home:/opt/rustwide/rustup-home:ro,Z" "-e" "SOURCE_DIR=/opt/rustwide/workdir" "-e" "CARGO_TARGET_DIR=/opt/rustwide/target" "-e" "CARGO_HOME=/opt/rustwide/cargo-home" "-e" "RUSTUP_HOME=/opt/rustwide/rustup-home" "-w" "/opt/rustwide/workdir" "-m" "1610612736" "--user" "0:0" "--network" "none" "ghcr.io/rust-lang/crates-build-env/linux@sha256:19e73879b68f455e41552ea35293514db52ea292d993f571636dbffedb77a1ee" "/opt/rustwide/cargo-home/bin/cargo" "+9610dfe5a9a731ced1ea4923ecbd0c57fe367898" "metadata" "--no-deps" "--format-version=1", kill_on_drop: false }`
[INFO] [stdout] 54f85e402d1687a5df9a315df8fb1ec32de1f5f1a40dd7ef0941bcbb10dd08dd
[INFO] running `Command { std: "docker" "start" "-a" "54f85e402d1687a5df9a315df8fb1ec32de1f5f1a40dd7ef0941bcbb10dd08dd", kill_on_drop: false }`
[INFO] running `Command { std: "docker" "inspect" "54f85e402d1687a5df9a315df8fb1ec32de1f5f1a40dd7ef0941bcbb10dd08dd", kill_on_drop: false }`
[INFO] running `Command { std: "docker" "rm" "-f" "54f85e402d1687a5df9a315df8fb1ec32de1f5f1a40dd7ef0941bcbb10dd08dd", kill_on_drop: false }`
[INFO] [stdout] 54f85e402d1687a5df9a315df8fb1ec32de1f5f1a40dd7ef0941bcbb10dd08dd
[INFO] running `Command { std: "docker" "create" "-v" "/var/lib/crater-agent-workspace/builds/worker-7-tc1/target:/opt/rustwide/target:rw,Z" "-v" "/var/lib/crater-agent-workspace/builds/worker-7-tc1/source:/opt/rustwide/workdir:ro,Z" "-v" "/var/lib/crater-agent-workspace/cargo-home:/opt/rustwide/cargo-home:ro,Z" "-v" "/var/lib/crater-agent-workspace/rustup-home:/opt/rustwide/rustup-home:ro,Z" "-e" "SOURCE_DIR=/opt/rustwide/workdir" "-e" "CARGO_TARGET_DIR=/opt/rustwide/target" "-e" "CARGO_INCREMENTAL=0" "-e" "RUST_BACKTRACE=full" "-e" "RUSTFLAGS=--cap-lints=forbid" "-e" "RUSTDOCFLAGS=--cap-lints=forbid" "-e" "CARGO_HOME=/opt/rustwide/cargo-home" "-e" "RUSTUP_HOME=/opt/rustwide/rustup-home" "-w" "/opt/rustwide/workdir" "-m" "1610612736" "--user" "0:0" "--network" "none" "ghcr.io/rust-lang/crates-build-env/linux@sha256:19e73879b68f455e41552ea35293514db52ea292d993f571636dbffedb77a1ee" "/opt/rustwide/cargo-home/bin/cargo" "+9610dfe5a9a731ced1ea4923ecbd0c57fe367898" "check" "--frozen" "--all" "--all-targets" "--message-format=json", kill_on_drop: false }`
[INFO] [stdout] bd4fe50e41f7f6672c4672458b219e913f212617d0ee623b6e9dcf1995a8fdf7
[INFO] running `Command { std: "docker" "start" "-a" "bd4fe50e41f7f6672c4672458b219e913f212617d0ee623b6e9dcf1995a8fdf7", kill_on_drop: false }`
[INFO] [stderr]    Compiling proc-macro2 v1.0.59
[INFO] [stderr]    Compiling memchr v2.5.0
[INFO] [stderr]     Checking unicode-ident v1.0.9
[INFO] [stderr]    Compiling syn v1.0.109
[INFO] [stderr]     Checking siphasher v0.3.10
[INFO] [stderr]     Checking new_debug_unreachable v1.0.4
[INFO] [stderr]     Checking precomputed-hash v0.1.1
[INFO] [stderr]    Compiling serde v1.0.163
[INFO] [stderr]    Compiling quote v1.0.28
[INFO] [stderr]     Checking home v0.5.5
[INFO] [stderr]     Checking parking_lot_core v0.9.7
[INFO] [stderr]     Checking ena v0.14.2
[INFO] [stderr]     Checking phf_shared v0.10.0
[INFO] [stderr]     Checking parking_lot v0.12.1
[INFO] [stderr]     Checking nom v7.1.3
[INFO] [stderr]     Checking string_cache v0.8.7
[INFO] [stderr]     Checking rem-utils v0.1.1 (/opt/rustwide/workdir)
[INFO] [stdout] error[E0557]: feature has been removed
[INFO] [stdout]  --> src/lib.rs:7:12
[INFO] [stdout]   |
[INFO] [stdout] 7 | #![feature(box_syntax)]
[INFO] [stdout]   |            ^^^^^^^^^^ feature has been removed
[INFO] [stdout]   |
[INFO] [stdout]   = note: replaced with `#[rustc_box]`
[INFO] [stdout] 
[INFO] [stdout] 
[INFO] [stdout] error[E0557]: feature has been removed
[INFO] [stdout]  --> src/lib.rs:7:12
[INFO] [stdout]   |
[INFO] [stdout] 7 | #![feature(box_syntax)]
[INFO] [stdout]   |            ^^^^^^^^^^ feature has been removed
[INFO] [stdout]   |
[INFO] [stdout]   = note: replaced with `#[rustc_box]`
[INFO] [stdout] 
[INFO] [stdout] 
[INFO] [stdout] error[E0463]: can't find crate for `rustc_driver`
[INFO] [stdout]  --> src/lib.rs:9:1
[INFO] [stdout]   |
[INFO] [stdout] 9 | extern crate rustc_driver;
[INFO] [stdout]   | ^^^^^^^^^^^^^^^^^^^^^^^^^^ can't find crate
[INFO] [stdout]   |
[INFO] [stdout]   = help: maybe you need to install the missing components with: `rustup component add rust-src rustc-dev llvm-tools-preview`
[INFO] [stdout] 
[INFO] [stdout] 
[INFO] [stdout] error[E0463]: can't find crate for `rustc_lint`
[INFO] [stdout]   --> src/lib.rs:10:1
[INFO] [stdout]    |
[INFO] [stdout] 10 | pub extern crate rustc_lint;
[INFO] [stdout]    | ^^^^^^^^^^^^^^^^^^^^^^^^^^^^ can't find crate
[INFO] [stdout]    |
[INFO] [stdout]    = help: maybe you need to install the missing components with: `rustup component add rust-src rustc-dev llvm-tools-preview`
[INFO] [stdout] 
[INFO] [stdout] 
[INFO] [stdout] error[E0463]: can't find crate for `rustc_span`
[INFO] [stdout]   --> src/lib.rs:11:1
[INFO] [stdout]    |
[INFO] [stdout] 11 | pub extern crate rustc_span;
[INFO] [stdout]    | ^^^^^^^^^^^^^^^^^^^^^^^^^^^^ can't find crate
[INFO] [stdout]    |
[INFO] [stdout]    = help: maybe you need to install the missing components with: `rustup component add rust-src rustc-dev llvm-tools-preview`
[INFO] [stdout] 
[INFO] [stdout] 
[INFO] [stdout] error[E0463]: can't find crate for `rustc_driver`
[INFO] [stdout]  --> src/lib.rs:9:1
[INFO] [stdout]   |
[INFO] [stdout] 9 | extern crate rustc_driver;
[INFO] [stdout]   | ^^^^^^^^^^^^^^^^^^^^^^^^^^ can't find crate
[INFO] [stdout]   |
[INFO] [stdout]   = help: maybe you need to install the missing components with: `rustup component add rust-src rustc-dev llvm-tools-preview`
[INFO] [stdout] 
[INFO] [stdout] 
[INFO] [stdout] error[E0463]: can't find crate for `rustc_lint`
[INFO] [stdout]   --> src/lib.rs:10:1
[INFO] [stdout]    |
[INFO] [stdout] 10 | pub extern crate rustc_lint;
[INFO] [stdout]    | ^^^^^^^^^^^^^^^^^^^^^^^^^^^^ can't find crate
[INFO] [stdout]    |
[INFO] [stdout]    = help: maybe you need to install the missing components with: `rustup component add rust-src rustc-dev llvm-tools-preview`
[INFO] [stdout] 
[INFO] [stdout] 
[INFO] [stdout] error[E0463]: can't find crate for `rustc_span`
[INFO] [stdout]   --> src/lib.rs:11:1
[INFO] [stdout]    |
[INFO] [stdout] 11 | pub extern crate rustc_span;
[INFO] [stdout]    | ^^^^^^^^^^^^^^^^^^^^^^^^^^^^ can't find crate
[INFO] [stdout]    |
[INFO] [stdout]    = help: maybe you need to install the missing components with: `rustup component add rust-src rustc-dev llvm-tools-preview`
[INFO] [stdout] 
[INFO] [stdout] 
[INFO] [stdout] error: `box_syntax` has been removed
[INFO] [stdout]    --> src/wrappers.rs:184:23
[INFO] [stdout]     |
[INFO] [stdout] 184 |                   func: box syn::Expr::Path(CHRusty_build!(syn::ExprPath{
[INFO] [stdout]     |  _______________________^
[INFO] [stdout] 185 | |                     path: syn::Path {
[INFO] [stdout] 186 | |                         leading_colon: None,
[INFO] [stdout] 187 | |                         segments: [
[INFO] [stdout] ...   |
[INFO] [stdout] 192 | |                     default![attrs, qself]
[INFO] [stdout] 193 | |                 })),
[INFO] [stdout]     | |___________________^
[INFO] [stdout]     |
[INFO] [stdout] help: use `Box::new()` instead
[INFO] [stdout]     |
[INFO] [stdout] 184 ~                 func: Box::new(syn::Expr::Path(CHRusty_build!(syn::ExprPath{
[INFO] [stdout] 185 +                     path: syn::Path {
[INFO] [stdout] 186 +                         leading_colon: None,
[INFO] [stdout] 187 +                         segments: [
[INFO] [stdout] 188 +                             CHRusty_parse!("chrusty" as syn::PathSegment),
[INFO] [stdout] 189 +                             last_segment
[INFO] [stdout] 190 +                         ].into_iter().collect()
[INFO] [stdout] 191 +                     };
[INFO] [stdout] 192 +                     default![attrs, qself]
[INFO] [stdout] 193 ~                 }))),
[INFO] [stdout]     |
[INFO] [stdout] 
[INFO] [stdout] 
[INFO] [stdout] error: `box_syntax` has been removed
[INFO] [stdout]    --> src/wrappers.rs:184:23
[INFO] [stdout]     |
[INFO] [stdout] 184 |                   func: box syn::Expr::Path(CHRusty_build!(syn::ExprPath{
[INFO] [stdout]     |  _______________________^
[INFO] [stdout] 185 | |                     path: syn::Path {
[INFO] [stdout] 186 | |                         leading_colon: None,
[INFO] [stdout] 187 | |                         segments: [
[INFO] [stdout] ...   |
[INFO] [stdout] 192 | |                     default![attrs, qself]
[INFO] [stdout] 193 | |                 })),
[INFO] [stdout]     | |___________________^
[INFO] [stdout]     |
[INFO] [stdout] help: use `Box::new()` instead
[INFO] [stdout]     |
[INFO] [stdout] 184 ~                 func: Box::new(syn::Expr::Path(CHRusty_build!(syn::ExprPath{
[INFO] [stdout] 185 +                     path: syn::Path {
[INFO] [stdout] 186 +                         leading_colon: None,
[INFO] [stdout] 187 +                         segments: [
[INFO] [stdout] 188 +                             CHRusty_parse!("chrusty" as syn::PathSegment),
[INFO] [stdout] 189 +                             last_segment
[INFO] [stdout] 190 +                         ].into_iter().collect()
[INFO] [stdout] 191 +                     };
[INFO] [stdout] 192 +                     default![attrs, qself]
[INFO] [stdout] 193 ~                 }))),
[INFO] [stdout]     |
[INFO] [stdout] 
[INFO] [stdout] 
[INFO] [stdout] warning: the feature `is_some_and` has been stable since 1.70.0 and no longer requires an attribute to enable
[INFO] [stdout]  --> src/lib.rs:5:12
[INFO] [stdout]   |
[INFO] [stdout] 5 | #![feature(is_some_and)]
[INFO] [stdout]   |            ^^^^^^^^^^^
[INFO] [stdout]   |
[INFO] [stdout]   = note: `#[warn(stable_features)]` on by default
[INFO] [stdout] 
[INFO] [stdout] 
[INFO] [stdout] warning: the feature `is_some_and` has been stable since 1.70.0 and no longer requires an attribute to enable
[INFO] [stdout]  --> src/lib.rs:5:12
[INFO] [stdout]   |
[INFO] [stdout] 5 | #![feature(is_some_and)]
[INFO] [stdout]   |            ^^^^^^^^^^^
[INFO] [stdout]   |
[INFO] [stdout]   = note: `#[warn(stable_features)]` on by default
[INFO] [stdout] 
[INFO] [stdout] 
[INFO] [stdout] error: aborting due to 5 previous errors; 1 warning emitted
[INFO] [stdout] 
[INFO] [stdout] 
[INFO] [stdout] Some errors have detailed explanations: E0463, E0557.
[INFO] [stdout] 
[INFO] [stdout] For more information about an error, try `rustc --explain E0463`.
[INFO] [stdout] 
[INFO] [stdout] error: aborting due to 5 previous errors; 1 warning emitted
[INFO] [stdout] 
[INFO] [stdout] 
[INFO] [stdout] Some errors have detailed explanations: E0463, E0557.
[INFO] [stdout] 
[INFO] [stdout] For more information about an error, try `rustc --explain E0463`.
[INFO] [stdout] 
[INFO] [stderr] error: could not compile `rem-utils` (lib) due to 6 previous errors; 1 warning emitted
[INFO] [stderr] warning: build failed, waiting for other jobs to finish...
[INFO] [stderr] error: could not compile `rem-utils` (lib test) due to 6 previous errors; 1 warning emitted
[INFO] running `Command { std: "docker" "inspect" "bd4fe50e41f7f6672c4672458b219e913f212617d0ee623b6e9dcf1995a8fdf7", kill_on_drop: false }`
[INFO] running `Command { std: "docker" "rm" "-f" "bd4fe50e41f7f6672c4672458b219e913f212617d0ee623b6e9dcf1995a8fdf7", kill_on_drop: false }`
[INFO] [stdout] bd4fe50e41f7f6672c4672458b219e913f212617d0ee623b6e9dcf1995a8fdf7
